g - 14307. What is t(207)?
-24
Let v(r) = -528*r**2 + 94*r + 119. Calculate v(-1).
-503
Let c(y) = -28*y + 53. What is c(31)?
-815
Let b(h) = -463*h - 69442. Give b(-150).
8
Let j(u) = u**3 - 89*u**2 + 926*u - 154. What is j(77)?
0
Let q(n) = 1659*n - 20517. Give q(12).
-609
Let f(c) = -c**2 - 17317*c - 69254. Determine f(-4).
-2
Let b(s) = 55*s**2 - 1628*s + 134. Give b(30).
794
Let o(y) = 3*y**2 - 50445*y + 554545. Determine o(11).
13
Let q(r) = -2*r**3 + 8*r**2 - 5142*r + 25678. Determine q(5).
-82
Let m(z) = 2*z**2 + 377*z - 5704. What is m(-202)?
-250
Let k(s) = 285*s - 890. Give k(4).
250
Let k(t) = 15261*t - 15354. Calculate k(1).
-93
Let d(y) = 266*y - 32518. Give d(121).
-332
Let x(h) = -1168*h**3 + h**2 + 806*h - 805. Give x(1).
-1166
Let j(z) = -z**3 + 157*z**2 - 27*z + 4132. Give j(157).
-107
Let x(m) = m**3 + 62*m**2 - 48*m + 907. Determine x(-63).
-38
Let z(s) = 4*s**3 + 8257*s**2 - 49688*s - 5. Give z(6).
-17
Let w(y) = -39*y**2 + 99*y - 219. Determine w(9).
-2487
Let s(k) = -k**3 + 69*k**2 - 629*k + 99. Give s(58).
621
Let t(q) = 4*q**3 + 1061*q**2 + 2364*q + 113. Calculate t(-263).
902
Let d(a) = 307*a - 2365. Determine d(6).
-523
Let c(q) = -1318*q - 279436. What is c(-212)?
-20
Let q(n) = -295*n**2 - 15558*n - 11331. Determine q(-52).
5
Let z(p) = 111*p**2 - 14089*p - 1010. Determine z(127).
6
Let n(q) = -q**2 - 43*q + 1542. Calculate n(24).
-66
Let h(m) = -3*m**3 + 6*m**2 + 22*m - 28. What is h(-4)?
172
Let c(d) = -20*d**2 + 710*d - 6510. What is c(21)?
-420
Let q(m) = -1536*m + 2371. Determine q(0).
2371
Let z(b) = 21*b**2 + 34*b + 336. Calculate z(-10).
2096
Let d(g) = 10*g**2 - 985*g - 1994. Determine d(-2).
16
Let t(r) = 15*r - 1855. What is t(142)?
275
Let j(a) = 61284*a + 2267495. Determine j(-37).
-13
Let c(l) = 3*l**2 + 3625*l - 18139. What is c(5)?
61
Let l(v) = 1452*v - 84303. Give l(58).
-87
Let j(t) = -t**3 - 24*t**2 + 596*t + 194. What is j(-39)?
-235
Let n(b) = 6*b**2 - 2390*b + 9567. Give n(4).
103
Let i(p) = -3*p**2 + 8*p + 5640. Give i(45).
-75
Let p(q) = 6712*q**3 + 33559*q**2 - 4*q + 1. Determine p(-5).
-4
Let c(a) = -9*a**2 + 15578*a - 93453. Give c(6).
-309
Let m(k) = -330*k + 2576. Calculate m(-4).
3896
Let y(q) = 1105494*q - 4421968. Determine y(4).
8
Let f(s) = 273*s**2 + 6018*s + 330. Give f(-22).
66
Let h(x) = -268*x - 6165. Calculate h(-11).
-3217
Let h(c) = -3*c**3 + 28*c**2 + 9292*c - 83653. Determine h(9).
56
Let i(s) = 6*s**2 + 150*s - 149. What is i(-24)?
-293
Let v(d) = -4361*d + 170543. Calculate v(39).
464
Let t(a) = 3*a**2 - 80*a - 196. Calculate t(-3).
71
Let k(j) = -258142*j - 11. Calculate k(0).
-11
Let v(u) = -394*u - 3085. What is v(-7)?
-327
Let v(d) = -4*d**3 - 95*d**2 - 141*d - 145. What is v(-22)?
-431
Let w(v) = v**2 - 630*v - 47439. Give w(-68).
25
Let s(l) = -8*l**3 + 3*l**2 - 36*l - 11. Determine s(6).
-1847
Let b(c) = -12*c**2 + 2336*c + 3153. Calculate b(196).
17
Let l(m) = -m**3 - 111*m**2 - 1774*m - 24119. Give l(-95).
11
Let g(n) = n**2 - 529*n + 22213. Calculate g(483).
-5
Let a(l) = l**3 + 6*l**2 - 217*l + 41. What is a(12)?
29
Let r(o) = -11*o**2 + 2975*o + 16824. Give r(276).
-12
Let h(f) = -1380*f**2 - 150424*f - 434. Calculate h(-109).
2
Let d(s) = -673*s**2 - 4041*s + 6. What is d(-6)?
24
Let n(y) = 14*y**2 + 2033*y + 440. Determine n(-145).
5
Let j(k) = 2371*k - 516873. Determine j(218).
5
Let r(v) = -4*v**2 - 2937*v + 2496311. Give r(504).
-1
Let q(f) = -490*f + 12653. Calculate q(26).
-87
Let i(l) = l**3 + 28*l**2 - 821*l + 4279. Determine i(8).
15
Let j(m) = -26*m**3 - 305*m**2 - 611*m + 2. Calculate j(-2).
212
Let n(c) = 2*c**2 + 19226*c - 96179. Calculate n(5).
1
Let i(f) = -f**3 - 17*f**2 + 42*f + 318. Determine i(-18).
-114
Let q(u) = -60*u**2 + 3325*u - 9442. Give q(3).
-7
Let u(b) = 50*b**2 - 698*b + 2239. Give u(9).
7
Let u(p) = p**2 + 39743*p + 317873. Give u(-8).
-7
Let t(n) = -1443038*n - 10101262. Give t(-7).
4
Let j(b) = 1444*b - 736. Give j(0).
-736
Let g(p) = 1965*p + 7173. What is g(-5)?
-2652
Let i(b) = -b**3 - 32*b**2 - 225*b - 69. What is i(-22)?
41
Let f(u) = -u**3 + 6*u**2 + 36353*u - 181788. Calculate f(5).
2
Let b(o) = -12*o**2 - 1926*o - 54836. Determine b(-37).
-2
Let a(v) = -23450*v - 914564. Determine a(-39).
-14
Let u(j) = -4174*j - 3030316. Give u(-726).
8
Let s(d) = -d**3 + 134*d**2 - 3342*d + 426753. Calculate s(133).
-44
Let t(p) = 106862*p + 854930. Give t(-8).
34
Let o(t) = -t**2 + 144*t + 5783. Determine o(-32).
151
Let l(a) = -a**3 - 53*a**2 - 1279*a - 52998. Determine l(-49).
69
Let o(l) = 9319*l + 1742757. Determine o(-187).
104
Let c(y) = -2923*y + 166302. Calculate c(57).
-309
Let j(p) = 273*p - 23450. Calculate j(84).
-518
Let h(a) = -a**2 + 194*a - 8645. Calculate h(69).
-20
Let v(u) = 26*u**2 + 8318*u + 410. What is v(-320)?
1050
Let j(s) = -20465*s + 839097. What is j(41)?
32
Let f(w) = -w**3 + 14*w**2 - 69*w + 303. Calculate f(9).
87
Let f(w) = 4*w**3 - 100*w**2 - 15048*w + 376234. Give f(25).
34
Let j(b) = -2388*b + 9923. Calculate j(4).
371
Let d(z) = -9*z**2 - 118135*z - 590473. Determine d(-5).
-23
Let h(r) = 267*r + 22798. What is h(-86)?
-164
Let w(p) = 25*p**2 - 96*p - 1129. What is w(-5)?
-24
Let n(a) = 229*a**2 - 14192*a + 126. Give n(62).
498
Let x(w) = -12235*w - 195834. Calculate x(-16).
-74
Let c(l) = -l**3 + 92*l**2 - 1598*l + 1287. What is c(22)?
11
Let a(p) = -2*p**3 + 207*p**2 - 57*p + 16750. Give a(104).
6
Let q(i) = 40*i - 3946. Give q(95).
-146
Let n(d) = -7*d**2 - 326*d + 2237. What is n(6)?
29
Let k(s) = -s**3 - 21*s**2 + 107*s + 1216. Calculate k(-22).
-654
Let n(z) = 452*z + 113439. Give n(-251).
-13
Let t(h) = -h**2 - 111*h + 15818. Give t(-193).
-8
Let m(q) = -q**2 - 2698*q + 112270. What is m(41)?
-29
Let w(i) = -4*i**3 + 231*i**2 + 79*i - 846. Determine w(58).
372
Let d(u) = -u**2 + 980*u - 1960. Determine d(2).
-4
Let u(r) = r**3 - 3*r**2 - 6*r - 1222. Give u(12).
2
Let m(z) = 30*z**2 + 8423*z - 50651. Determine m(6).
967
Let n(p) = 4*p**2 + 39539*p - 39540. Calculate n(1).
3
Let p(s) = -234*s - 567. What is p(-1)?
-333
Let v(y) = 65*y**2 - 1564*y - 10. Calculate v(0).
-10
Let o(f) = -f**3 - 23*f**2 + 936*f + 21880. Determine o(-23).
352
Let a(g) = -20*g**3 - 957*g**2 + 104*g - 1916. Determine a(-48).
4
Let k(s) = s**3 - 161*s**2 - 32*s + 2933. Determine k(161).
-2219
Let j(m) = 2196*m - 68127. Calculate j(31).
-51
Let d(a) = -226358*a + 261. Give d(0).
261
Let s(n) = -2858*n**3 + n**2 - 3*n - 4. Give s(-1).
2858
Let v(m) = 6696*m + 140320. Calculate v(-21).
-296
Let o(t) = -t**2 - 45*t - 373. Calculate o(-37).
-77
Let k(i) = 25*i**2 + 609*i - 3690. What is k(6)?
864
Let x(u) = -10*u**2 - 255*u + 1031. Calculate x(4).
-149
Let z(c) = -c**3 + 17*c**2 - 59*c + 887. Give z(17).
-116
Let h(n) = n**2 + 681*n + 103532. What is h(-229)?
24
Let u(v) = 2900*v**2 - 58007*v + 103. Calculate u(20).
-37
Let y(c) = -5827*c**2 - 116529*c + 224. Calculate y(-20).
4
Let o(q) = -2*q**3 + 86*q**2 - 180*q + 575. Give o(41).
-81
Let f(g) = 12171*g + 316421. Determine f(-26).
-25
Let r(q) = -1904*q + 49528. Give r(26).
24
Let o(f) = -25974*f - 51787. Determine o(-2).
161
Let u(c) = 11*c**3 - 85*c**2 - 27*c + 7. Calculate u(8).
-17
Let f(s) = -208*s + 32533. Calculate f(156).
85
Let b(n) = -12*n**3 + n**2 + 68*n - 62. Calculate b(1).
-5
Let j(b) = 2*b**2 + 997*b + 105383. Give j(-152).
47
Let k(r) = -r**3 + 57*r**2 - 313*r + 17838. Determine k(57).
-3
Let p(t) = -t**3 - 1036*t**2 - 104303*t - 448. Determine p(-113).
4
Let r(k) = -k**2 - 653*k - 98062. Give r(-234).
-16
Let r(g) = 2*g**3 - 405*g**2 - 65814*g - 905. Calculate r(309).
22
Let x(j) = 139*j**2 + 410*j - 16. What is x(-5)?
1409
Let h(s) = 3*s**3 - 65*s**2 - 1848*s - 537. Calculate h(38).
-5
Let a(j) = -j**2 - 172*j + 4228. Calculate a(-193).
175
Let l(a) = a**3 + a**2 - 70*a + 3. What is l(9)?
183
Let u(q) = -3*q**2 - 74*q + 331. Calculate u(-30).
-149
Let l(w) = -w**3 - 419*w**2 - 419*w - 3. Determine l(-1).
-2
Let k(i) = i**3 - 91*i**2 + 731*i + 279. What is k(82)?
-295
Let t(h) = 24*h**2 + 62*h - 85. Give t(-6).
407
Let y(g) = -4*g**3 - 6*g**2 + 53*g + 62. What is y(4)?
-78
Let x(h) = 522*h - 112916. Give x(216).
-164
Let f(g) = -2*g**3 + 20*g**2 + 7176*g - 64736. Calculate f(9).
10
Let p(b) = 2*b**2 - 246127*b - 738394. Calculate p(-3).
5
Let